
What are the prime factors of 4987?
4987
List the prime factors of 12904.
2, 1613
What are the prime factors of 52859?
52859
What are the prime factors of 873?
3, 97
What are the prime factors of 96959?
96959
What are the prime factors of 857?
857
List the prime factors of 4350.
2, 3, 5, 29
List the prime factors of 14429.
47, 307
List the prime factors of 39.
3, 13
What are the prime factors of 293?
293
List the prime factors of 232.
2, 29
What are the prime factors of 101026?
2, 50513
What are the prime factors of 267?
3, 89
List the prime factors of 21128.
2, 19, 139
List the prime factors of 23412.
2, 3, 1951
What are the prime factors of 2166?
2, 3, 19
List the prime factors of 3335.
5, 23, 29
What are the prime factors of 4202?
2, 11, 191
List the prime factors of 40830.
2, 3, 5, 1361
List the prime factors of 19856.
2, 17, 73
What are the prime factors of 872?
2, 109
List the prime factors of 23988.
2, 3, 1999
List the prime factors of 2954.
2, 7, 211
What are the prime factors of 24549?
3, 7, 167
What are the prime factors of 7820?
2, 5, 17, 23
What are the prime factors of 5698?
2, 7, 11, 37
What are the prime factors of 10059?
3, 7, 479
List the prime factors of 31287.
3, 10429
What are the prime factors of 40575?
3, 5, 541
What are the prime factors of 8912?
2, 557
What are the prime factors of 3138?
2, 3, 523
What are the prime factors of 4143?
3, 1381
What are the prime factors of 40556?
2, 10139
What are the prime factors of 1401?
3, 467
What are the prime factors of 6346?
2, 19, 167
List the prime factors of 5122.
2, 13, 197
What are the prime factors of 1816?
2, 227
What are the prime factors of 5326?
2, 2663
What are the prime factors of 16339?
16339
List the prime factors of 995.
5, 199
List the prime factors of 169390.
2, 5, 13, 1303
List the prime factors of 1893.
3, 631
What are the prime factors of 2479?
37, 67
What are the prime factors of 19944?
2, 3, 277
List the prime factors of 114585.
3, 5, 7639
List the prime factors of 9733.
9733
List the prime factors of 754.
2, 13, 29
List the prime factors of 6525.
3, 5, 29
List the prime factors of 1616.
2, 101
What are the prime factors of 11493?
3, 1277
List the prime factors of 3505.
5, 701
List the prime factors of 31219.
31219
List the prime factors of 2100.
2, 3, 5, 7
What are the prime factors of 783?
3, 29
What are the prime factors of 390?
2, 3, 5, 13
List the prime factors of 2367.
3, 263
List the prime factors of 10741.
23, 467
List the prime factors of 70866.
2, 3, 31, 127
What are the prime factors of 92317?
92317
List the prime factors of 37477.
11, 3407
List the prime factors of 1545.
3, 5, 103
What are the prime factors of 45793?
11, 23, 181
What are the prime factors of 4182?
2, 3, 17, 41
List the prime factors of 61752.
2, 3, 31, 83
What are the prime factors of 2650?
2, 5, 53
What are the prime factors of 9564?
2, 3, 797
What are the prime factors of 37035?
3, 5, 823
What are the prime factors of 2544?
2, 3, 53
What are the prime factors of 4952?
2, 619
What are the prime factors of 8?
2
List the prime factors of 29071.
7, 4153
List the prime factors of 4875.
3, 5, 13
What are the prime factors of 25302?
2, 3, 4217
List the prime factors of 10757.
31, 347
List the prime factors of 69367.
71, 977
List the prime factors of 252.
2, 3, 7
What are the prime factors of 15862?
2, 7, 11, 103
List the prime factors of 57826.
2, 29, 997
What are the prime factors of 1003?
17, 59
List the prime factors of 8245.
5, 17, 97
List the prime factors of 122875.
5, 983
What are the prime factors of 8662?
2, 61, 71
What are the prime factors of 121894?
2, 59, 1033
List the prime factors of 91650.
2, 3, 5, 13, 47
What are the prime factors of 7573?
7573
List the prime factors of 48918.
2, 3, 31, 263
List the prime factors of 54150.
2, 3, 5, 19
List the prime factors of 17362.
2, 8681
What are the prime factors of 56086?
2, 29, 967
What are the prime factors of 26173?
7, 3739
List the prime factors of 492.
2, 3, 41
What are the prime factors of 1245?
3, 5, 83
What are the prime factors of 119799?
3, 17, 29
List the prime factors of 4874.
2, 2437
What are the prime factors of 1174?
2, 587
What are the prime factors of 27079?
13, 2083
List the prime factors of 1301.
1301
List the prime factors of 29109.
3, 31, 313
List the prime factors of 99185.
5, 83, 239
What are the prime factors of 3126?
2, 3, 521
List the prime factors of 10724.
2, 7, 383
What are the prime factors of 804?
2, 3, 67
What are the prime factors of 15421?
7, 2203
What are the prime factors of 14943?
3, 17, 293
What are the prime factors of 2163?
3, 7, 103
What are the prime factors of 2062?
2, 1031
What are the prime factors of 7698?
2, 3, 1283
List the prime factors of 7418.
2, 3709
What are the prime factors of 7635?
3, 5, 509
What are the prime factors of 4593?
3, 1531
List the prime factors of 7400.
2, 5, 37
List the prime factors of 2038.
2, 1019
What are the prime factors of 124?
2, 31
List the prime factors of 3524.
2, 881
What are the prime factors of 1137?
3, 379
What are the prime factors of 119921?
119921
List the prime factors of 10067.
10067
List the prime factors of 16327.
29, 563
List the prime factors of 88153.
13, 6781
What are the prime factors of 21493?
21493
List the prime factors of 55.
5, 11
What are the prime factors of 60568?
2, 67, 113
What are the prime factors of 4127?
4127
List the prime factors of 4996.
2, 1249
What are the prime factors of 5861?
5861
What are the prime factors of 11189?
67, 167
What are the prime factors of 29399?
29399
List the prime factors of 10490.
2, 5, 1049
What are the prime factors of 9508?
2, 2377
List the prime factors of 7682.
2, 23, 167
What are the prime factors of 7284?
2, 3, 607
What are the prime factors of 4157?
4157
What are the prime factors of 10653?
3, 53, 67
List the prime factors of 17729.
17729
What are the prime factors of 14702?
2, 7351
What are the prime factors of 47859?
3, 7, 43, 53
What are the prime factors of 1976?
2, 13, 19
What are the prime factors of 76412?
2, 7, 2729
List the prime factors of 26435.
5, 17, 311
List the prime factors of 6777.
3, 251
What are the prime factors of 11026?
2, 37, 149
What are the prime factors of 7029?
3, 11, 71
What are the prime factors of 225?
3, 5
List the prime factors of 19928.
2, 47, 53
What are the prime factors of 5506?
2, 2753
What are the prime factors of 4558?
2, 43, 53
List the prime factors of 41001.
3, 79, 173
What are the prime factors of 13717?
11, 29, 43
What are the prime factors of 5246?
2, 43, 61
List the prime factors of 1738.
2, 11, 79
List the prime factors of 383.
383
What are the prime factors of 769?
769
List the prime factors of 6806.
2, 41, 83
What are the prime factors of 10229?
53, 193
List the prime factors of 3392.
2, 53
List the prime factors of 49247.
11, 37
What are the prime factors of 69?
3, 23
What are the prime factors of 3929?
3929
What are the prime factors of 268?
2, 67
List the prime factors of 523.
523
List the prime factors of 89081.
229, 389
What are the prime factors of 1311?
3, 19, 23
List the prime factors of 72288.
2, 3, 251
List the prime factors of 47668.
2, 17, 701
What are the prime factors of 3573?
3, 397
List the prime factors of 4510.
2, 5, 11, 41
List the prime factors of 616.
2, 7, 11
List the prime factors of 406.
2, 7, 29
What are the prime factors of 2330?
2, 5, 233
List the prime factors of 3789.
3, 421
List the prime factors of 28403.
28403
What are the prime factors of 994?
2, 7, 71
List the prime factors of 98130.
2, 3, 5, 3271
What are the prime factors of 39323?
39323
List the prime factors of 950.
2, 5, 19
List the prime factors of 18253.
18253
List the prime factors of 295.
5, 59
What are the prime factors of 4621?
4621
List the prime factors of 69788.
2, 73, 239
What are the prime factors of 11509?
17, 677
List the prime factors of 824.
2, 103
List the prime factors of 17336.
2, 11, 197
List the prime factors of 21282.
2, 3, 3547
List the prime factors of 630.
2, 3, 5, 7
List the prime factors of 18532.
2, 41, 113
What are the prime factors of 1821?
3, 607
List the prime factors of 18558.
2, 3, 1031
List the prime factors of 2396.
2, 599
What are the prime factors of 4470?
2, 3, 5, 149
List the prime factors of 689.
13, 53
Wh